79
List the prime factors of 394704.
2, 3, 2741
What are the prime factors of 1272552?
2, 3, 17, 3119
List the prime factors of 574664.
2, 29, 2477
List the prime factors of 774715.
5, 154943
List the prime factors of 2290368.
2, 3, 79, 151
What are the prime factors of 1825403?
1825403
List the prime factors of 1920042.
2, 3, 106669
What are the prime factors of 5458361?
311, 17551
List the prime factors of 2824916.
2, 706229
List the prime factors of 1949830.
2, 5, 73, 2671
What are the prime factors of 2684498?
2, 37, 36277
What are the prime factors of 3141260?
2, 5, 17, 9239
What are the prime factors of 121835?
5, 7, 59
What are the prime factors of 36457558?
2, 163, 111833
List the prime factors of 3183666.
2, 3, 461, 1151
What are the prime factors of 236244?
2, 3, 19687
What are the prime factors of 6971465?
5, 1394293
List the prime factors of 30444523.
5303, 5741
List the prime factors of 2446111.
113, 21647
List the prime factors of 488220.
2, 3, 5, 79, 103
What are the prime factors of 291008?
2, 4547
What are the prime factors of 13138078?
2, 6569039
What are the prime factors of 1165705?
5, 233141
List the prime factors of 896109.
3, 281, 1063
List the prime factors of 1342848.
2, 3, 13, 269
List the prime factors of 5765557.
7, 823651
List the prime factors of 29687832.
2, 3, 31, 47, 283
What are the prime factors of 12006206?
2, 709, 8467
List the prime factors of 106487.
106487
List the prime factors of 36598640.
2, 5, 13, 2707
What are the prime factors of 509521?
509521
List the prime factors of 79370.
2, 5, 7937
What are the prime factors of 124816?
2, 29, 269
List the prime factors of 190134.
2, 3, 7, 503
What are the prime factors of 5586267?
3, 991, 1879
What are the prime factors of 489110?
2, 5, 59, 829
List the prime factors of 2631812.
2, 47, 13999
List the prime factors of 3648200.
2, 5, 17, 29, 37
What are the prime factors of 4549377?
3, 7, 23, 9419
What are the prime factors of 2406090?
2, 3, 5, 139, 577
List the prime factors of 3342607.
41, 81527
What are the prime factors of 11692?
2, 37, 79
List the prime factors of 340250.
2, 5, 1361
What are the prime factors of 241305?
3, 5, 16087
What are the prime factors of 1956453?
3, 61, 10691
What are the prime factors of 228128?
2, 7129
List the prime factors of 179538.
2, 3, 23, 1301
What are the prime factors of 1987642?
2, 993821
What are the prime factors of 8155408?
2, 19, 139, 193
What are the prime factors of 2390181?
3, 19, 2207
List the prime factors of 3671207.
491, 7477
What are the prime factors of 3395940?
2, 3, 5, 56599
List the prime factors of 160684.
2, 17, 139
List the prime factors of 10936016.
2, 7, 13, 29, 37
What are the prime factors of 8688406?
2, 173, 25111
List the prime factors of 1519312.
2, 269, 353
What are the prime factors of 870794?
2, 435397
List the prime factors of 7308783.
3, 29, 41, 683
List the prime factors of 3196580.
2, 5, 277, 577
List the prime factors of 606473.
7, 12377
What are the prime factors of 26814?
2, 3, 41, 109
List the prime factors of 1234271.
1234271
List the prime factors of 865070.
2, 5, 19, 29, 157
What are the prime factors of 4875452?
2, 823, 1481
List the prime factors of 26633820.
2, 3, 5, 19, 61, 383
List the prime factors of 155148.
2, 3, 7, 1847
What are the prime factors of 227716?
2, 56929
List the prime factors of 6210411.
3, 2070137
What are the prime factors of 20135414?
2, 13, 774439
What are the prime factors of 1104526?
2, 552263
What are the prime factors of 13795781?
503, 27427
List the prime factors of 15873828.
2, 3, 521, 2539
What are the prime factors of 439393?
89, 4937
What are the prime factors of 17598432?
2, 3, 183317
What are the prime factors of 753099?
3, 251033
List the prime factors of 463381.
23, 20147
What are the prime factors of 26949237?
3, 7, 1283297
What are the prime factors of 60452?
2, 7, 17, 127
What are the prime factors of 453798?
2, 3, 17, 1483
What are the prime factors of 4402658?
2, 13, 313, 541
What are the prime factors of 2516903?
131, 19213
List the prime factors of 185893.
185893
What are the prime factors of 18878212?
2, 251, 18803
What are the prime factors of 623737?
23, 47, 577
List the prime factors of 1564282.
2, 782141
List the prime factors of 4428791.
887, 4993
List the prime factors of 1723651.
1723651
What are the prime factors of 155567?
17, 9151
List the prime factors of 6340101.
3, 1291, 1637
List the prime factors of 348843.
3, 11, 31
What are the prime factors of 165815?
5, 13, 2551
What are the prime factors of 643091?
227, 2833
List the prime factors of 323707.
323707
List the prime factors of 222996.
2, 3, 18583
List the prime factors of 46190.
2, 5, 31, 149
List the prime factors of 1199286.
2, 3, 11, 673
What are the prime factors of 341169?
3, 113723
What are the prime factors of 109323?
3, 4049
What are the prime factors of 69294?
2, 3, 11549
List the prime factors of 6164009.
31, 198839
List the prime factors of 289760.
2, 5, 1811
What are the prime factors of 95751?
3, 10639
List the prime factors of 296577.
3, 31, 1063
What are the prime factors of 167881?
7, 29, 827
List the prime factors of 170748.
2, 3, 17, 31
What are the prime factors of 6777495?
3, 5, 150611
What are the prime factors of 1197864?
2, 3, 127, 131
List the prime factors of 181521.
3, 83
List the prime factors of 207088.
2, 7, 43
What are the prime factors of 19072092?
2, 3, 13, 179, 683
List the prime factors of 636531.
3, 7, 17, 1783
List the prime factors of 305883.
3, 11329
What are the prime factors of 662239?
23, 28793
List the prime factors of 5481130.
2, 5, 23, 23831
List the prime factors of 285421.
285421
What are the prime factors of 21477592?
2, 431, 6229
What are the prime factors of 320032?
2, 73, 137
What are the prime factors of 4457678?
2, 587, 3797
List the prime factors of 4387774.
2, 2193887
What are the prime factors of 329593?
11, 19, 83
What are the prime factors of 1065396?
2, 3, 47, 1889
What are the prime factors of 460262?
2, 11, 20921
List the prime factors of 5361466.
2, 11, 243703
List the prime factors of 91702.
2, 13, 3527
List the prime factors of 10656397.
19, 560863
What are the prime factors of 694936?
2, 11, 53, 149
List the prime factors of 5580044.
2, 37, 1019
What are the prime factors of 2181710?
2, 5, 218171
What are the prime factors of 354394?
2, 79, 2243
List the prime factors of 2805615.
3, 5, 62347
List the prime factors of 2242909.
61, 83, 443
What are the prime factors of 27775?
5, 11, 101
What are the prime factors of 102142?
2, 51071
List the prime factors of 5560308.
2, 3, 13, 109
What are the prime factors of 19227934?
2, 11, 41, 21317
List the prime factors of 1192197.
3, 587, 677
What are the prime factors of 9144364?
2, 2286091
List the prime factors of 2572131.
3, 43, 127, 157
What are the prime factors of 2030381?
2030381
List the prime factors of 1770829.
1770829
List the prime factors of 565565.
5, 7, 11, 13, 113
What are the prime factors of 6148652?
2, 1537163
List the prime factors of 11246924.
2, 13, 31, 6977
List the prime factors of 237946.
2, 118973
List the prime factors of 323000.
2, 5, 17, 19
List the prime factors of 312111.
3, 34679
What are the prime factors of 6798559?
1733, 3923
List the prime factors of 661848.
2, 3, 11, 23, 109
List the prime factors of 450338.
2, 7, 19, 1693
What are the prime factors of 278984?
2, 43, 811
List the prime factors of 191355.
3, 5, 12757
List the prime factors of 110285.
5, 7, 23, 137
What are the prime factors of 916663?
11, 167, 499
What are the prime factors of 127307?
61, 2087
List the prime factors of 151756.
2, 11, 3449
What are the prime factors of 2216212?
2, 157, 3529
What are the prime factors of 4439235?
3, 5, 295949
What are the prime factors of 432954?
2, 3, 67, 359
List the prime factors of 1062159.
3, 7, 37, 1367
What are the prime factors of 2347633?
23, 102071
What are the prime factors of 2118581?
2118581
List the prime factors of 78253.
7, 1597
List the prime factors of 369376.
2, 7, 17, 97
What are the prime factors of 3885500?
2, 5, 19, 409
What are the prime factors of 4659923?
29, 160687
List the prime factors of 209773.
89, 2357
List the prime factors of 238357.
7, 17, 2003
What are the prime factors of 554270?
2, 5, 43, 12